 - -17185653?
1718564a
In base 5, what is -4110400 + -10204?
-4121104
In base 5, what is 141020 + -1401414?
-1210344
In base 2, what is -100 + -100101111000000011011010?
-100101111000000011011110
In base 16, what is 17 + -40792?
-4077b
In base 2, what is 10010001110 + -1001000101111001?
-1000110011101011
In base 7, what is 2 + 41122426?
41122431
In base 3, what is -11121212211201111 - -1?
-11121212211201110
In base 14, what is 175258 + 1a3?
17541b
In base 4, what is 12321 - -221033023?
221112010
In base 7, what is -26144510 + 54?
-26144423
In base 7, what is 11 + 33124532?
33124543
In base 11, what is -18 - -12917?
128aa
In base 9, what is 4788060 + -151?
4787808
In base 7, what is -312656324 + -15?
-312656342
In base 7, what is 1500 + -1160351?
-1155551
In base 16, what is 4 + 266090c?
2660910
In base 7, what is -2143 + 230546?
225403
In base 10, what is 35 - -1365657?
1365692
In base 3, what is -1111100010 - -210020000?
-201010010
In base 15, what is -a83e - 92d?
-b26c
In base 2, what is -10101100010100010 - 1100011?
-10101100100000101
In base 9, what is -14114537 - 12?
-14114550
In base 10, what is -158444 - -573?
-157871
In base 10, what is 86334661 - 0?
86334661
In base 7, what is -3126536465 + -4?
-3126536502
In base 9, what is -21612 + 2888?
-17613
In base 10, what is 18 - -49356546?
49356564
In base 10, what is 9919 - -296?
10215
In base 7, what is -4 + 1003323212?
1003323205
In base 14, what is -3924a4 - 3?
-3924a7
In base 13, what is a0cb4c - 21?
a0cb2b
In base 6, what is 2310 - 15024013?
-15021303
In base 12, what is 4 - -3176179?
3176181
In base 14, what is -219 - -10c8?
cad
In base 2, what is 11010100101001100001101111 + -100?
11010100101001100001101011
In base 11, what is 13827 - 742?
13095
In base 12, what is 13a0164 + -18?
13a0148
In base 4, what is 122 + -110021013011?
-110021012223
In base 10, what is 34 - 462067?
-462033
In base 13, what is b - -c48182?
c48190
In base 6, what is 33142223 + -10?
33142213
In base 3, what is 102012220222 - 11001?
102012202221
In base 5, what is -1111 - 3401304?
-3402420
In base 3, what is -10120 - 11110010?
-11120200
In base 10, what is -3005 + -3296?
-6301
In base 12, what is -12170 - -11b5?
-10b77
In base 13, what is -4 + -b8179?
-b8180
In base 7, what is -42651400 + -2?
-42651402
In base 15, what is -15c10ec - 48?
-15c1145
In base 14, what is -14 - 1464489?
-146449d
In base 8, what is -4 + -33237535?
-33237541
In base 5, what is 1401034140042 - 1?
1401034140041
In base 2, what is -11011011011101001 + -100000010011?
-11011111011111100
In base 3, what is 2 - 20021202221012221?
-20021202221012212
In base 8, what is -25676745 + 76?
-25676647
In base 12, what is 50404 + 923?
51127
In base 10, what is -36824299 + 0?
-36824299
In base 15, what is -1036a84 + -2?
-1036a86
In base 8, what is 5 + 325740704?
325740711
In base 15, what is -224 - 2222?
-2446
In base 7, what is 20240113024 - -5?
20240113032
In base 10, what is -272591 - -1016?
-271575
In base 7, what is -6640 + 2101?
-4536
In base 14, what is -1065573 + 0?
-1065573
In base 4, what is 232 + -1131030022?
-1131023130
In base 16, what is 120e8 - -4c?
12134
In base 4, what is -1020202310213 + 2?
-1020202310211
In base 10, what is -8539943 + 9?
-8539934
In base 3, what is -2101121 + 22221010110?
22211201212
In base 10, what is -9 + 37093639?
37093630
In base 4, what is 11211001121101 - 20?
11211001121021
In base 6, what is -202114013 + 11?
-202114002
In base 8, what is 4337215 - 12?
4337203
In base 14, what is -7b0b39 - -2?
-7b0b37
In base 5, what is 1111000343414 - 10?
1111000343404
In base 15, what is -11 + -318d5?
-318e6
In base 13, what is -1 - 612298?
-612299
In base 11, what is -23651 + 43a?
-23212
In base 12, what is -29953b + -132?
-299671
In base 4, what is 103 + -1023133221?
-1023133112
In base 9, what is -71 + -10055442?
-10055523
In base 8, what is 327 + 760327?
760656
In base 10, what is -3987 - -6149?
2162
In base 3, what is 11021221 + 2121021?
20220012
In base 7, what is -2033620 + 1616?
-2032001
In base 16, what is -a467161 - 5?
-a467166
In base 15, what is -2 - -2882da?
2882d8
In base 5, what is 21 - 1343322?
-1343301
In base 15, what is 5 + 12ae8d0?
12ae8d5
In base 9, what is 1 + 256611866?
256611867
In base 13, what is -26315 + -21?
-26336
In base 5, what is 23211223131 - 10?
23211223121
In base 13, what is -58 - -3bc225?
3bc19a
In base 14, what is 28c5 + -26c5?
200
In base 7, what is -531 + 53254?
52423
In base 13, what is cbc - a10?
2ac
In base 15, what is -217b + -3847?
-59c3
In base 2, what is 10110110000001101010000 + 1110?
10110110000001101011110
In base 7, what is -1 + 112353560?
112353556
In base 14, what is 4dcbb31 - b?
4dcbb24
In base 15, what is 6 - 37119bc?
-37119b6
In base 16, what is -3 - 2d5f0b?
-2d5f0e
In base 9, what is 4 - 4658116?
-4658112
In base 4, what is 11 + -21201122103020?
-21201122103003
In base 15, what is 627dbaa + -4?
627dba6
In base 12, what is -916364 - 0?
-916364
In base 13, what is 210aac17 + 3?
210aac1a
In base 4, what is 1022013 - 210313?
211100
In base 10, what is 13468 + 4433?
17901
In base 6, what is -1001123 + -3?
-1001130
In base 4, what is -1300020 + -213?
-1300233
In base 14, what is -21717 + 351a?
-1c1db
In base 12, what is -2753b + 3b81?
-2357a
In base 9, what is -117361 - -30?
-117331
In base 5, what is -3411420030 - 10?
-3411420040
In base 14, what is -4 - 10d912c?
-10d9132
In base 14, what is -496 - 56dbc?
-57474
In base 11, what is -2 - 1719484?
-1719486
In base 12, what is 37b0576 + 0?
37b0576
In base 9, what is -2140 - -80157?
77017
In base 8, what is 23035 - -1725?
24762
In base 5, what is -11 - 1122224300?
-1122224311
In base 12, what is -724 - -411a?
35b6
In base 12, what is -268525193 + -5?
-268525198
In base 6, what is 1442 - 413314?
-411432
In base 6, what is -132 - -354312524?
354312352
In base 7, what is 201 + 554042?
554243
In base 13, what is 15 + 922542?
922557
In base 6, what is 22430112 + -1535?
22424133
In base 8, what is -1160464146 - -2?
-1160464144
In base 4, what is -2330121 + 1130212?
-1133303
In base 7, what is 530655304 - 4?
530655300
In base 12, what is b9a8843 + -10?
b9a8833
In base 7, what is -10 - 100124003?
-100124013
In base 4, what is 20032 - -213002?
233100
In base 6, what is -24133155105 - 2?
-24133155111
In base 14, what is -11516 - -772?
-10b84
In base 4, what is 31011222 + 30003?
31101231
In base 11, what is 3 - 2a3a38?
-2a3a35
In base 15, what is -8354 - -84e?
-7a05
In base 7, what is -2 - -400021425?
400021423
In base 15, what is -b589 + -3d37?
-103c1
In base 9, what is 21 + 24875062?
24875083
In base 6, what is -3234403100 + 5?
-3234403051
In base 5, what is -10 + 131323342?
131323332
In base 4, what is 213 + 2231212313?
2231213132
In base 16, what is 5 + 3e7856d?
3e78572
In base 12, what is 84 + 401b01?
401b85
In base 12, what is 1 + -b?
-a
In base 14, what is 5ac10 - 1dd1?
58c1d
In base 4, what is -12222323122 + -201?
-12222323323
In base 12, what is b707a53 + -4?
b707a4b
In base 6, what is -13 + 1052022?
1052005
In base 4, what is -3 - 2203320313210?
-2203320313213
In base 4, what is -3022203 + 30131113?
21102310
In base 7, what is -653003 + -526?
-653532
In base 2, what is -11 + -1100000011111100110101?
-1100000011111100111000
In base 5, what is 2020102143 - -2?
2020102200
In base 7, what is -444424 - -2314?
-442110
In base 2, what is -110100011110000011 - -1010100110111?
-110011001001001100
In base 11, what is -17012 - -15127?
-1996
In base 14, what is -323a408 + -1?
-323a409
In base 12, what is 310a9 + 83?
31170
In base 11, what is 8 - 216337?
-21632a
In base 7, what is -10 + 13552320?
13552310
In base 16, what is a461170 - -2?
a461172
In base 5, what is 4114 - 1212041?
-1202422
In base 10, what is -96 + -10057?
-10153
In base 3, what is -2012 + -202220020202?
-202220022221
In base 15, what is 7b212 - 121?
7b0e1
In base 7, what is 24 - 5524405?
-5524351
In base 3, what is 0 + -10100001202220?
-10100001202220
In base 8, what is 276356654 + 3?
276356657
In base 5, what is 4323101004022 + -1?
4323101004021
In base 8, what is 3241507007 + -4?
3241507003
In base 9, what is -4247554 + 7?
-4247546
In base 2, what is 100 + -100000010000110011010100?
-100000010000110011010000
In base 3, what is 11 + -221121212010212?
-221121212010201
In ba